14.
-16
Convert -21 (base 9) to base 14.
-15
Convert 100 (base 6) to base 12.
30
What is 100100 (base 2) in base 10?
36
-2231 (base 4) to base 3
-20102
What is 1 (base 4) in base 7?
1
Convert -10 (base 3) to base 11.
-3
-111 (base 5) to base 2
-11111
Convert 17 (base 8) to base 7.
21
-5 (base 7) to base 3
-12
What is -1 (base 13) in base 9?
-1
-110 (base 2) to base 10
-6
-207 (base 9) to base 15
-b4
Convert 9 (base 11) to base 13.
9
1 (base 4) to base 14
1
Convert -2 (base 5) to base 4.
-2
What is 69 (base 14) in base 10?
93
5 (base 7) to base 13
5
-10 (base 13) to base 6
-21
What is -243 (base 5) in base 13?
-58
-1110 (base 4) to base 10
-84
What is 101 (base 2) in base 11?
5
What is 11100 (base 2) in base 8?
34
10 (base 4) to base 10
4
-5 (base 10) to base 7
-5
What is 2 (base 10) in base 16?
2
What is -4 (base 7) in base 5?
-4
Convert 9 (base 11) to base 13.
9
3 (base 9) to base 12
3
-1 (base 6) to base 10
-1
Convert 2c (base 13) to base 5.
123
What is -6 (base 15) in base 8?
-6
Convert -3031 (base 4) to base 10.
-205
-36 (base 13) to base 11
-41
What is 25 (base 8) in base 11?
1a
-14 (base 8) to base 6
-20
What is 10 (base 4) in base 3?
11
-1 (base 8) to base 11
-1
Convert d (base 16) to base 6.
21
-258 (base 9) to base 10
-215
-20 (base 6) to base 7
-15
What is -10010 (base 2) in base 3?
-200
What is -2 (base 3) in base 2?
-10
144 (base 11) to base 8
251
-3 (base 14) to base 4
-3
What is -22 (base 6) in base 12?
-12
Convert -2 (base 13) to base 7.
-2
Convert 1010011 (base 2) to base 5.
313
2 (base 3) to base 11
2
Convert 15 (base 7) to base 12.
10
What is -111 (base 10) in base 6?
-303
1 (base 4) to base 9
1
What is -6 (base 16) in base 6?
-10
Convert -1000 (base 4) to base 14.
-48
Convert 19 (base 10) to base 14.
15
What is -5 (base 16) in base 13?
-5
3 (base 16) to base 4
3
What is 10 (base 16) in base 5?
31
Convert 1 (base 10) to base 15.
1
Convert -12 (base 16) to base 8.
-22
Convert 20 (base 8) to base 3.
121
-5 (base 6) to base 8
-5
Convert 6 (base 14) to base 11.
6
What is 5 (base 11) in base 5?
10
Convert -12 (base 3) to base 7.
-5
Convert 4 (base 14) to base 13.
4
What is -4 (base 9) in base 7?
-4
Convert -22 (base 14) to base 3.
-1010
Convert -1111 (base 2) to base 6.
-23
What is 58 (base 10) in base 12?
4a
What is 2 (base 15) in base 12?
2
-27 (base 9) to base 10
-25
Convert 2 (base 9) to base 5.
2
Convert 1101100 (base 2) to base 11.
99
What is 3 (base 6) in base 13?
3
What is 32 (base 5) in base 9?
18
-20 (base 3) to base 9
-6
What is 12 (base 4) in base 10?
6
What is -66 (base 16) in base 6?
-250
What is 3 (base 16) in base 3?
10
Convert -284 (base 9) to base 5.
-1423
1 (base 12) to base 5
1
102 (base 5) to base 13
21
14 (base 10) to base 8
16
4 (base 5) to base 11
4
What is -67 (base 12) in base 16?
-4f
b1 (base 12) to base 16
85
What is 412 (base 5) in base 11?
98
-12 (base 13) to base 11
-14
-5 (base 6) to base 3
-12
Convert 3 (base 13) to base 14.
3
Convert 4 (base 11) to base 12.
4
-33 (base 15) to base 7
-66
13 (base 9) to base 2
1100
Convert -97 (base 10) to base 7.
-166
What is -3 (base 8) in base 7?
-3
-7 (base 14) to base 10
-7
What is 1 (base 12) in base 8?
1
Convert 123 (base 5) to base 11.
35
-11 (base 7) to base 10
-8
-38 (base 11) to base 14
-2d
Convert 10 (base 4) to base 16.
4
b (base 13) to base 10
11
What is 153 (base 12) in base 5?
1312
-17 (base 12) to base 13
-16
0 (base 15) to base 13
0
Convert -10 (base 3) to base 5.
-3
20 (base 10) to base 16
14
What is -8 (base 10) in base 2?
-1000
What is -1 (base 15) in base 4?
-1
What is -1231 (base 4) in base 3?
-11001
-3 (base 13) to base 2
-11
-50 (base 14) to base 2
-1000110
Convert -102 (base 4) to base 9.
-20
Convert 7 (base 12) to base 5.
12
What is 11 (base 2) in base 5?
3
Convert 1101 (base 2) to base 7.
16
-31 (base 10) to base 6
-51
444 (base 6) to base 7
334
Convert 10211 (base 3) to base 16.
67
11 (base 4) to base 16
5
What is -1001 (base 3) in base 10?
-28
32 (base 4) to base 16
e
What is -154 (base 8) in base 16?
-6c
111 (base 2) to base 8
7
What is -58 (base 16) in base 10?
-88
Convert 144 (base 5) to base 2.
110001
What is 144 (base 10) in base 2?
10010000
What is 10 (base 9) in base 13?
9
What is 2 (base 10) in base 16?
2
Convert -11 (base 9) to base 11.
-a
What is 172 (base 12) in base 7?
446
What is -d2 (base 14) in base 12?
-134
-2a (base 16) to base 11
-39
What is -43 (base 8) in base 13?
-29
What is -16 (base 14) in base 12?
-18
2 (base 16) to base 2
10
What is 105 (base 11) in base 13?
99
What is -80 (base 10) in base 5?
-310
What is 22 (base 6) in base 5?
24
Convert 1 (base 9) to base 14.
1
Convert 10 (base 2) to base 11.
2
Convert -1 (base 12) to base 2.
-1
1 (base 13) to base 3
1
What is 4 (base 15) in base 16?
4
What is -32 (base 16) in base 13?
-3b
Convert 43 (base 5) to base 13.
1a
Convert -26 (base 11) to base 6.
-44
4 (base 8) to base 7
4
-17 (base 13) to base 4
-110
What is 5 (base 16) in base 3?
12
Convert -110 (base 2) to base 11.
-6
What is 179 (base 12) in base 3?
22210
Convert 1032 (base 6) to base 8.
354
10 (base 3) to base 10
3
Convert -104 (base 8) to base 3.
-2112
What is 111 (base 2) in base 15?
7
Convert -101 (base 2) to base 11.
-5
-324 (base 5) to base 15
-5e
What is -2 (base 4) in base 7?
-2
What is 12202 (base 3) in base 8?
233
Convert -4 (base 14) to base 16.
-4
-2 (base 8) to base 15
-2
30 (base 12) to base 9
40
41 (base 10) to base 4
221
Convert -31 (base 5) to base 12.
-14
Convert -3 (base 7) to base 16.
-3
What is 10 (base 2) in base 4?
2
0 (base 4) to base 14
0
Convert -7 (base 15) to base 7.
-10
Convert 2 (base 10) to base 5.
2
What is 1013 (base 4) in base 15?
4b
Convert 1 (base 11) to base 4.
1
-4 (base 6) to base 14
-4
Convert -10 (base 8) to base 16.
-8
1 (base 4) to base 14
1
What is -3 (base 9) in base 15?
-3
-10 (base 2) to base 3
-2
1 (base 7) to base 2
1
What is 11 (base 3) in base 2?
100
-5 (base 6) to base 3
-12
-2 (base 12) to base 14
-2
11 (base 2) to base 16
3
What is -75 (base 12) in base 10?
-89
-1110 (base 2) to base 7
-20
Convert 12 (base 3) to base 13.
5
11 (base 5) to base 15
6
Convert 1 (base 12) to base 16.
1
What is -110 (base 11) in base 2?
-10000100
Convert -5 (base 16) to base 2.
-101
Convert -174 (base 9) to base 4.
-2110
What is -79 (base 15) in base 14?
-82
What is 100 (base 2) in base 10?
4
Convert 35 (base 6) to base 9.
25
2 (base 14) to base 3
2
31 (base 7) to base 4
112
Convert -10111 (base 2) to base 7.
-32
Convert 3 (base 6) to base 9.
3
Convert -15 (base 12) to base 14.
-13
1 (base 16) to base 12
1
Convert b7 (base 15) to base 5.
1142
106 (base 7) to base 10
55
Convert 3f (base 16) to base 14.
47
Convert 1223 (base 4) to base 14.
79
Convert 4 (base 11) to base 3.
11
Convert 13 (base 14) to base 5.
32
2 (base 9) to base 12
2
a (base 14) to base 4
22
65 (base 11) to base 9
78
Convert 11 (base 4) to base 11.
5
Convert -265 (base 7) to base 4.
-2101
-12 (base 10) to base 4
-30
-221 (base 7) to base 15
-78
What is 3 (base 13) in base 16?
3
-1c6 (base 13) to base 11
-281
What is 6 (base 13) in base 7?
6
12 (base 12) to base 9
15
What is 88 (base 16) in base 12?
b4
What is -1001 (base 2) in base 9?
-10
Convert 141 (base 8) to base 16.
61
-26 (base 10) to base 16
-1a
-6 (base 9) to base 4
-12
What is -136 (base 15) in base 16?
-114
What is -2221 (base 3) in base 5?
-304
1a (base 14) to base 2
11000
Convert 11111000 (base 2) to base 3.
100012
121 (base 3) to base 4
100
Convert 1000 (base 2) to base 3.
22
Convert -41 (base 5) to base 12.
-19
What is -654 (base 7) in base 14?
-19b
What is 55 (base 7) in base 15?
2a
-10 (base 4) to base 7
-4
Convert 75 (base 11) to base 14.
5c
Convert d (base 16) to base 4.
31
0 (base 9) to base 5
0
21 (base 7) to base 8
17
What is -2 (base 4) in base 7?
-2
Convert -1 (base 8) to base 5.
-1
Convert 1 (base 11) to base 3.
1
What is 0 (base 6) in base 15?
0
a (base 11) to base 3
101
-b3 (base 16) to base 10
-179
What is -5 (base 6) in base 16?
-5
What is 14 (base 9) in base 5?
23
-7 (base 15) to base 16
-7
What is 10000 (base 2) in base 8?
20
Convert 1 (base 14) to base 10.
1
122 (base 8) to base 7
145
What is -5 (base 15) in base 3?
-12
Convert -8 (base 16) to base 4.
-20
What is -4 (base 7) in base 8?
-4
What is 11 (base 6) in base 7?
10
What is -